lculate the highest common factor of 169 and 142337.
13
Calculate the greatest common factor of 6556 and 21829096.
596
Calculate the greatest common divisor of 3767694 and 116866.
1646
Calculate the highest common divisor of 24269 and 1861779.
3467
What is the highest common divisor of 1369704 and 17360?
1736
Calculate the greatest common factor of 297 and 74459.
11
Calculate the highest common divisor of 1551204 and 89972.
1084
What is the highest common factor of 2907 and 193736369?
323
What is the greatest common divisor of 82641 and 27221?
163
Calculate the greatest common factor of 931371546 and 2562.
2562
What is the greatest common factor of 190 and 12734275?
95
What is the highest common divisor of 72 and 19581720?
24
Calculate the greatest common factor of 927153 and 12006.
207
Calculate the highest common factor of 1536897 and 8776.
1097
What is the greatest common divisor of 20 and 112630180?
20
Calculate the highest common factor of 162339615 and 90.
45
Calculate the greatest common factor of 4438304 and 1081.
47
What is the greatest common divisor of 792 and 2585704?
88
Calculate the greatest common factor of 330 and 9597610.
110
Calculate the highest common factor of 59475 and 159237.
39
What is the highest common factor of 118521 and 2439?
9
What is the greatest common factor of 1 and 29998750?
1
What is the highest common factor of 20769 and 1768977?
903
Calculate the highest common factor of 39325 and 553696.
1573
Calculate the highest common divisor of 176294 and 24797.
181
What is the highest common factor of 1249516 and 11808?
164
Calculate the greatest common factor of 589746 and 3405.
681
What is the greatest common factor of 184 and 47236?
4
Calculate the highest common divisor of 29613111 and 2036.
509
Calculate the highest common factor of 689 and 42378376.
53
What is the greatest common divisor of 17581470 and 6030?
2010
Calculate the highest common factor of 415110 and 346884.
822
Calculate the highest common factor of 159799354 and 561.
187
What is the greatest common factor of 11946 and 68310?
66
What is the highest common factor of 13280 and 514168?
8
What is the greatest common factor of 28338 and 95622?
6
What is the highest common factor of 3989826 and 1152?
18
Calculate the greatest common divisor of 37554 and 9834.
66
Calculate the greatest common factor of 15229 and 48199.
157
What is the greatest common divisor of 194836 and 4056660?
2908
What is the highest common factor of 3995646 and 434214?
4386
What is the greatest common factor of 92050 and 112?
14
Calculate the highest common divisor of 839664 and 486.
18
What is the highest common factor of 13785919 and 6429?
2143
Calculate the greatest common divisor of 245 and 2132795.
35
Calculate the greatest common factor of 35682 and 99534.
1878
What is the greatest common divisor of 4139204 and 708?
236
Calculate the greatest common divisor of 6 and 28987575.
3
Calculate the greatest common factor of 243162 and 1145529.
513
What is the greatest common divisor of 3936 and 773817600?
3936
Calculate the greatest common factor of 797050 and 5225.
475
Calculate the highest common factor of 43890 and 510870.
30
What is the highest common divisor of 167635 and 13117?
13
Calculate the greatest common factor of 2700600 and 14350.
350
Calculate the greatest common factor of 36593130 and 75.
15
What is the greatest common divisor of 2439568 and 1564?
68
Calculate the greatest common divisor of 1672 and 26507128.
152
What is the greatest common divisor of 773085 and 2865?
15
What is the highest common divisor of 195024 and 6516?
12
Calculate the highest common factor of 6 and 772105314.
6
What is the greatest common divisor of 62369 and 8413?
47
What is the greatest common divisor of 10591200 and 13536?
288
What is the highest common factor of 17339423 and 2?
1
What is the highest common divisor of 7353 and 42411287?
817
What is the greatest common factor of 1310494 and 32798?
1426
Calculate the greatest common factor of 45329499 and 2631.
2631
What is the greatest common divisor of 58146 and 45507174?
5286
Calculate the highest common factor of 151 and 23078689.
151
Calculate the highest common factor of 102910 and 652933077.
10291
Calculate the highest common divisor of 13509 and 10413.
9
What is the highest common divisor of 278 and 5435734?
278
What is the highest common factor of 442881 and 318004961?
16403
Calculate the highest common divisor of 1793810 and 1.
1
Calculate the highest common divisor of 1974 and 388408.
94
Calculate the highest common factor of 212 and 48594799.
53
Calculate the greatest common divisor of 3257832 and 18.
6
Calculate the highest common factor of 180130 and 46160.
10
What is the highest common divisor of 54230 and 872410?
110
Calculate the highest common divisor of 13 and 441088570.
13
Calculate the greatest common factor of 12672 and 541312.
128
What is the highest common factor of 46 and 11004046?
2
Calculate the highest common factor of 17578 and 32626.
22
What is the greatest common divisor of 234852455 and 430?
215
Calculate the highest common factor of 985198 and 8416.
526
What is the highest common factor of 12 and 4010074800?
12
What is the highest common factor of 2379 and 31209?
3
Calculate the highest common divisor of 884654622 and 369.
369
Calculate the greatest common factor of 14208 and 10801632.
3552
Calculate the greatest common divisor of 78424202 and 1336.
334
What is the greatest common factor of 3132 and 37647684?
1044
What is the highest common divisor of 487501 and 77?
7
What is the highest common factor of 120723351 and 84?
21
Calculate the greatest common factor of 38 and 27270966.
38
Calculate the highest common divisor of 7100 and 713633425.
1775
Calculate the greatest common factor of 188033 and 50992.
3187
Calculate the highest common factor of 104993940 and 30.
30
Calculate the highest common factor of 83475960 and 32.
8
What is the highest common divisor of 151466 and 8029?
217
Calculate the highest common divisor of 30226493 and 22.
11
Calculate the highest common factor of 361489 and 291.
1
What is the greatest common factor of 440214 and 1728?
6
What is the greatest common factor of 450823428 and 1647?
1647
What is the greatest common divisor of 4 and 54176?
4
Calculate the greatest common divisor of 14 and 16016098.
14
What is the greatest common factor of 156 and 6905496?
156
Calculate the highest common divisor of 6732 and 449817093.
1683
What is the highest common divisor of 964 and 279107161?
241
What is the highest common factor of 142548 and 37212?
84
Calculate the highest common divisor of 772395311 and 178.
89
What is the highest common factor of 234057948 and 36?
12
What is the highest common divisor of 20573140 and 27440?
6860
Calculate the greatest common divisor of 518757 and 1165407.
1437
Calculate the highest common factor of 555 and 32565.
15
What is the highest common factor of 552790 and 792382?
298
Calculate the greatest common divisor of 104055657 and 1978.
989
Calculate the highest common factor of 1504 and 124389072.
752
What is the greatest common divisor of 7884 and 4919832?
108
Calculate the greatest common divisor of 47 and 98391445.
47
Calculate the highest common divisor of 548331 and 945.
21
What is the greatest common divisor of 7504 and 60916534?
938
Calculate the greatest common factor of 1483395 and 120.
15
What is the greatest common divisor of 44760 and 124035?
15
Calculate the highest common factor of 14920 and 158152.
2984
Calculate the greatest common factor of 95013 and 467613.
1863
Calculate the highest common divisor of 260865404 and 2631.
877
Calculate the highest common factor of 119255 and 3791.
17
What is the greatest common divisor of 2272 and 31409051?
71
Calculate the highest common divisor of 1091701829 and 1919.
1919
What is the highest common factor of 874 and 2485219?
437
What is the highest common divisor of 64727739 and 783?
261
What is the greatest common factor of 89 and 11216047?
89
Calculate the greatest common factor of 100 and 162532850.
50
Calculate the greatest common factor of 1508 and 18707.
13
Calculate the highest common factor of 106 and 29236.
2
Calculate the highest common factor of 22423 and 69853.
17
What is the greatest common